Météo Cheval Rigon

 

Bulletin mensuel



 

                  MONTHLY CLIMATOLOGICAL SUMMARY FOR 11/2021
                                        HEAT  COOL        
     MEAN                               DEG   DEG       WIND SPEED       DOM MEAN  MEAN
DAY  TEMP  HIGH   TIME     LOW   TIME   DAYS  DAYS RAIN AVG  HI  TIME    DIR BAROM HUM
---------------------------------------------------------------------------------------
1     9.9  12.9    15:30   7.6    21:50   55    0  3.20   1  18    17:44 WSW1005.62   90
2     8.5  12.0    13:14   6.5     5:17   56    0  6.80   3  29    21:02 SSW1003.48   86
3     6.6   8.1     1:28   4.6    23:54   58    0  1.00   2  27     2:59 SSW1002.06   90
4     5.2   9.3    14:38   3.8    21:13   60    0  1.60   0  11    14:54   N1012.65   95
5     5.5   7.6    14:50   4.2     1:19   60    0  2.00   1  10    10:55   N1023.95   98
6     5.1   7.1    14:00   3.4     8:27   60    0  0.00   1  11    14:22   N1029.88   98
7     5.8   8.4    13:19   2.2     4:35   59    0  1.00   0  11    22:15   N1025.94   97
8     6.1   7.9    15:04   2.7    23:59   59    0  0.00   1  13    13:11   N1022.64   96
9     2.7   5.3    14:11   0.8     7:17   62    0  0.20   0   5    11:37 SSE1024.36   96
10    6.9  12.6    14:57   2.6     2:47   58    0  0.20   0   5     6:04   N1024.05   91
11    8.3  13.3    13:19   4.3     2:28   57    0  0.00   0   6     2:53   S1023.05   86
12    8.9  15.8    14:42   4.9     7:27   56    0  0.00   0   6    13:01   N1019.66   79
13    8.4  10.7    10:50   4.9     3:59   57    0  0.00   0  13    10:23 SSW1018.60   91
14    7.5   8.4    14:16   7.0    17:45   57    0  0.00   2  13     8:51   N1017.28   99
15    6.4   7.2     0:00   5.3    22:57   59    0  0.00   2  13     5:29   N1020.38   99
16    4.8   5.4     0:30   3.8    21:23   60    0  0.00   0   6     9:56   N1022.49   99
17    4.7   6.1    23:16   3.2     5:12   60    0  0.00   0  10     8:29   N1025.82  100
18    6.1   8.3    14:37   3.0    21:48   58    0  0.00   0  11    14:55   N1030.92  100
19    4.7  10.0    14:54   1.5     6:50   60    0  0.00   0  10     0:16   N1031.16   97
20    6.4  15.2    14:53   2.2     6:22   59    0  0.00   0   5     0:41   S1024.44   91
21    4.6   8.3    12:05   1.3    22:19   60    0  0.00   0   8    16:14 NNE1014.15   93
22    3.1   4.3    20:45   1.3     0:00   62    0  0.00   0  11    16:09   N1016.63   99
23    4.3   7.3    12:47   2.9     7:54   61    0  0.00   0  10     1:04   E1022.09   94
24    5.4  12.2    14:39   0.9     8:38   60    0  0.00   0   5     1:17  NE1017.39   91
25    2.9   5.1    13:21   0.2    23:40   62    0  0.00   1   8    14:50   N1010.00   98
26    1.0   3.3    23:57  -0.1     1:37   64    0  0.00   2  24    23:33 SSW1005.71   98
27    2.2   4.6    13:11   0.3    23:45   63    0  0.00   2  24     0:04 SSW996.36   92
28    0.3   0.7    13:20  -0.6    23:56   65    0  0.00   1  16    11:16   N1003.09   98
29   -1.0  -0.6     0:00  -1.3     4:06   14    0  0.00   1   8     0:34   N1008.12   99
---------------------------------------------------------------------------------------
TOT   5.4  15.8 12/11/21  -1.3 29/11/21 1681    0 16.00   1  24  2/11/21   N1017.56   94

HEAT BASE: 65.0
COOL BASE: 65.0

 


 

 

 

Retour accueil