Météo Cheval Rigon

 

Bulletin mensuel



 

                  MONTHLY CLIMATOLOGICAL SUMMARY FOR 5/2022
                                        HEAT  COOL        
     MEAN                               DEG   DEG       WIND SPEED       DOM MEAN  MEAN
DAY  TEMP  HIGH   TIME     LOW   TIME   DAYS  DAYS RAIN AVG  HI  TIME    DIR BAROM HUM
---------------------------------------------------------------------------------------
1    10.4  17.8    15:53   3.9     6:49   55    0  0.00   2  18    14:45   N1019.94   77
2    12.1  19.1    15:24   6.4     3:52   53    0  0.00   3  21    13:33   N1015.21   73
3    12.8  20.2    18:15   7.7     6:36   52    0  0.20   0  14    12:18   N1014.74   78
4    11.8  19.0    13:29   9.2     5:58   53    0 11.20   1  18    14:12   N1017.27   88
5    10.8  16.8    16:18   6.7     5:06   54    0  0.40   3  24    17:30   N1021.88   90
6    11.3  16.9    18:43   6.6     6:58   54    0  0.00   3  23    18:01   N1023.23   87
7    12.8  20.2    16:59   7.3     6:16   52    0  0.00   2  23    17:04   N1021.89   81
8    14.0  21.2    17:41   8.0     5:43   51    0  0.00   2  24    14:39   N1021.02   79
9    15.8  23.0    16:38   9.4     6:59   49    0  0.00   2  16    12:37   N1022.33   75
10   19.0  26.3    18:17  11.8     5:12   46    0  0.00   1  14    15:27 SSW1020.17   64
11   21.4  28.8    16:48  13.8     5:21   44    0  0.00   1  16    10:32   S1016.02   52
12   17.1  21.8    13:54  12.6     7:07   47    0  1.60   0  10    16:24   S1018.62   82
13   16.6  22.6    16:03  13.2    23:49   48    0  0.20   1  10    14:52   N1020.77   90
14   18.0  25.2    16:37  11.9     6:26   47    0  0.00   1  14    18:21   N1018.98   82
15   21.1  28.6    17:31  15.9     4:59   44    0  0.00   1  18    17:00   E1013.53   68
16   19.4  26.5    17:17  13.7     4:56   46    0  0.00   1  18     1:31   N1017.24   73
17   21.3  29.1    19:03  14.3     6:27   44    0  0.00   0  11    12:31   N1017.78   70
18   18.7  20.0     0:24  16.7     3:58    8    0  0.00   1   6     2:14   E1018.45   74
---------------------------------------------------------------------------------------
TOT  15.7  29.1  17/5/22   3.9   1/5/22  847    0 13.60   1  24   5/5/22   N1018.86   77

HEAT BASE: 65.0
COOL BASE: 65.0

 


 

 

 

Retour accueil