Météo Cheval Rigon

 

Bulletin annuel



 

 

                  YEARLY CLIMATOLOGICAL SUMMARY FOR 2012
                                        HEAT  COOL        
     MEAN                               DEG   DEG       WIND SPEED       DOM MEAN  MEAN
MON  TEMP  HIGH   DATE     LOW   DATE   DAYS  DAYS RAIN AVG  HI  DATE    DIR BAROM HUM
---------------------------------------------------------------------------------------
1     3.8  13.3   1/1/12  -4.6  15/1/12 1890    0 96.01   3  45   5/1/12   N1025.91   94
2    -2.3  15.0  29/2/12 -15.6   7/2/12 1934    0 31.24   2  24  10/2/12   N1028.28   86
3     9.3  22.7  16/3/12  -0.5   9/3/12 1719    0 60.71   3  34   4/3/12   N1025.82   71
4     8.3  23.1  28/4/12  -2.3  17/4/12 1693    0175.77   4  50  29/4/12   N1006.72   81
5    14.3  30.5  11/5/12   2.3  16/5/12 1570    0163.58   2  27   5/5/12   N1015.28   79
6    17.4  32.3  28/6/12   8.2   9/6/12 1426    0127.51   2  39   7/6/12   N1014.41   81
7    17.8  32.9  26/7/12   9.3  23/7/12 2714    0 88.00   2  29  14/7/12 NNW1016.26   77
8    20.2  36.4  19/8/12   9.1  31/8/12 1388    0 59.80   1  26  25/8/12 ESE1015.86   73
9    15.3  28.8   9/9/12   5.1  20/9/12 1490    0 61.00   2  32  24/9/12  SE1016.15   79
10   12.6  25.2  6/10/12  -3.2 29/10/12 1622    0 79.40   2  39 18/10/12  SE1012.59   82
11    8.0  17.1  3/11/12  -1.5 30/11/12 1709    0 62.40   2  32  2/11/12 SSW1014.04   85
12    5.1  18.2 24/12/12  -6.9 12/12/12 1844    0 99.60   3  39 27/12/12 SSW1016.97   84
---------------------------------------------------------------------------------------
TOT  11.4  36.4  19/8/12 -15.6   7/2/1220998    0965.55   2  50  29/4/12   N1017.27   81

HEAT BASE: 65.0
COOL BASE: 65.0

 


 

                  YEARLY CLIMATOLOGICAL SUMMARY FOR 2013
                                        HEAT  COOL        
     MEAN                               DEG   DEG       WIND SPEED       DOM MEAN  MEAN
MON  TEMP  HIGH   DATE     LOW   DATE   DAYS  DAYS RAIN AVG  HI  DATE    DIR BAROM HUM
---------------------------------------------------------------------------------------
1     2.3  15.3  30/1/13  -7.8  18/1/13 1941    0 75.00   2  39  11/1/13   N1017.19   93
2     0.5  12.1   1/2/13  -7.4  26/2/13 1803    0 73.60   3  32   5/2/13   N1016.39   91
3     5.3  19.9  22/3/13  -5.3  15/3/13 1837    0 76.80   2  29   4/3/13   N1006.60   82
4     9.8  26.3  17/4/13  -0.6   1/4/13 2547    0 61.00   2  34   9/4/13   N1016.54   79
5     9.6  26.3  17/4/13  -0.6   1/4/13 3376    0188.40   2  34   9/4/13   N1014.26   83
6    15.7  30.9  17/6/13   4.9   3/6/13 1474    0 46.60   2  27   1/6/13   N1017.88   80
7    20.4  32.0  27/7/13  10.5   1/7/13 1380    0125.60   1  29   2/7/13 NNW1017.43   78
8    18.3  33.1   2/8/13  10.2  14/8/13 1444    0 78.00   1  23   2/8/13  SE1017.50   78
9    15.6  30.6   4/9/13   7.3  11/9/13 1481    0 82.00   1  27  18/9/13  SE1016.66   83
10   13.3  24.1  2/10/13   1.7 31/10/13 1599    0 89.00   2  37 27/10/13 SSW1016.47   87
11    4.7  16.8  2/11/13  -6.6 28/11/13 1710    0149.60   2  35  2/11/13   N1018.81   92
12    5.8  17.7 16/12/13  -1.9  8/12/13 1830    0 53.00   2  48 24/12/13 SSW1023.14   75
---------------------------------------------------------------------------------------
TOT  10.3  33.1   2/8/13  -7.8  18/1/1321283    01148.00   2  48 24/12/13   N1016.54   83

HEAT BASE: 65.0
COOL BASE: 65.0

 


 

                  YEARLY CLIMATOLOGICAL SUMMARY FOR 2014
                                        HEAT  COOL        
     MEAN                               DEG   DEG       WIND SPEED       DOM MEAN  MEAN
MON  TEMP  HIGH   DATE     LOW   DATE   DAYS  DAYS RAIN AVG  HI  DATE    DIR BAROM HUM
---------------------------------------------------------------------------------------
1     6.3  17.0   6/1/14  -1.7  22/1/14 1817    0 95.60   2  39   2/1/14 SSW1010.61   84
2     6.2  14.6  23/2/14  -0.7   3/2/14 1646    0 99.60   4  40   5/2/14 SSW1010.44   80
3     8.3  22.6  20/3/14  -0.8  27/3/14 1754    0 36.40   3  35   3/3/14   N1017.23   74
4    10.8  23.9   7/4/14   0.9  19/4/14 1623    0 73.60   2  29   3/4/14   N1014.67   77
5    12.3  25.2  21/5/14   1.7   4/5/14 1631    0104.80   3  39  21/5/14   N1016.51   79
6    17.9  33.9   9/6/14   6.8   5/6/14 1376    0 83.60   2  43  28/6/14 NNW1015.60   74
7    17.6  32.0  18/7/14   9.1   9/7/14 1467    0301.80   2  29  20/7/14 ESE1014.85   85
8    16.6  27.0  10/8/14   8.7  21/8/14 1491    0156.20   1  35   9/8/14 ESE1015.28   83
9    16.2  27.7   8/9/14   6.4  26/9/14 1463    0 93.20   1  26  28/9/14   N1016.52   84
10   14.4  25.9 19/10/14   4.9 22/10/14 1564    0 69.60   2  39  8/10/14 ESE1016.93   84
11   10.5  22.0  1/11/14   2.5  7/11/14 1632    0118.60   2  37 11/11/14 ESE1009.84   83
12    3.9  17.6 23/12/14  -9.7 29/12/14 1893    0 82.20   2  39 27/12/14   N1023.55   92
---------------------------------------------------------------------------------------
TOT  11.7  33.9   9/6/14  -9.7 29/12/1419355    01315.20   2  43  28/6/14   N1015.22   82

HEAT BASE: 65.0
COOL BASE: 65.0

 


 

                  YEARLY CLIMATOLOGICAL SUMMARY FOR 2015
                                        HEAT  COOL        
     MEAN                               DEG   DEG       WIND SPEED       DOM MEAN  MEAN
MON  TEMP  HIGH   DATE     LOW   DATE   DAYS  DAYS RAIN AVG  HI  DATE    DIR BAROM HUM
---------------------------------------------------------------------------------------
1     4.0  15.3  10/1/15  -4.7   1/1/15 1889    0 78.20   3  39  11/1/15  SW1021.51   87
2     2.1  12.8  20/2/15  -6.9   5/2/15 1755    0 66.60   3  37   8/2/15   N1017.65   87
3     7.3  17.6  18/3/15  -1.7   6/3/15 1784    0 67.20   3  39  29/3/15   N1021.61   83
4    11.6  26.5  15/4/15  -0.6   6/4/15 1599    0 39.00   3  31   4/4/15   N1020.00   71
5    14.1  30.1  12/5/15   3.0  21/5/15 1535    0 62.40   2  35   5/5/15   N1017.70   77
6    18.5  34.7  30/6/15   8.4  17/6/15 1393    0 52.40   1  29  12/6/15   N1018.00   75
7    22.2  37.6  16/7/15   7.8  30/7/15 1323    0 24.60   2  27   7/7/15   N1015.39   63
8    20.4  36.0   6/8/15   8.7  16/8/15 1369    0 89.20   1  31  24/8/15 ESE1014.69   70
9    13.6  25.8   9/9/15   4.9  28/9/15 1541    0109.40   1  35  16/9/15   N1016.93   82
10   10.1  23.2  5/10/15   0.9 20/10/15 1684    0 64.00   1  29  5/10/15 ESE1017.20   88
11    9.7  24.7  8/11/15  -4.4 24/11/15 1654    0 55.80   2  39 21/11/15  SW1023.56   83
12    9.5  18.9 17/12/15  -0.5 10/12/15 1713    0 24.20   1  34 31/12/15   S1028.34   74
---------------------------------------------------------------------------------------
TOT  12.0  37.6  16/7/15  -6.9   5/2/1519238    0732.80   2  39  11/1/15   N1019.41   78

HEAT BASE: 65.0
COOL BASE: 65.0

 


 

                  YEARLY CLIMATOLOGICAL SUMMARY FOR 2017
                                        HEAT  COOL        
     MEAN                               DEG   DEG       WIND SPEED       DOM MEAN  MEAN
MON  TEMP  HIGH   DATE     LOW   DATE   DAYS  DAYS RAIN AVG  HI  DATE    DIR BAROM HUM
---------------------------------------------------------------------------------------
1     0.4  15.3  31/1/17  -9.8  19/1/17 2002    0 50.40   1  35  12/1/17   N1024.44   88
2     6.9  16.5   1/2/17  -2.0  11/2/17 1622    0 97.00   3  55   4/2/17   N1018.18   81
3     9.4  24.1  30/3/17   0.4  22/3/17 1717    0 80.20   3  58   6/3/17   N1018.34   78
4     9.4  24.2   9/4/17  -2.0  20/4/17 1664    0 61.40   1  34  30/4/17   N1020.52   76
5    14.8  31.2  28/5/17   3.1   9/5/17 1556    0121.40   1  27  11/5/17 ESE1016.14   78
6
7    19.7  33.6  18/7/17  10.4   1/7/17 1398    0 81.80   1  23  19/7/17 ESE1015.84   78
8    20.0  35.8  29/8/17   8.6  20/8/17 1392    0 62.60   1  26  15/8/17 ESE1016.80   75
9    13.0  24.5   4/9/17   6.8  20/9/17 1050    0 48.40   1  29  14/9/17 SSW1016.13   83
---------------------------------------------------------------------------------------
TOT  12.6  35.8  29/8/17  -9.8  19/1/1713754    0672.00   1  58   6/3/17 ESE1018.00   79

HEAT BASE: 65.0
COOL BASE: 65.0

 


 
 

 

Retour accueil