Météo Cheval Rigon

 

Bulletin mensuel



 

                  MONTHLY CLIMATOLOGICAL SUMMARY FOR 11/2017
                                        HEAT  COOL        
     MEAN                               DEG   DEG       WIND SPEED       DOM MEAN  MEAN
DAY  TEMP  HIGH   TIME     LOW   TIME   DAYS  DAYS RAIN AVG  HI  TIME    DIR BAROM HUM
---------------------------------------------------------------------------------------
1     9.5  17.2    14:16   2.8     0:30   56    0  0.00   0  14    22:11 SSE1023.13   75
2    12.6  17.7    15:30  10.1    19:27   52    0  0.00   1  13    22:08 ESE1019.05   71
3    12.8  19.2    14:19   8.8     7:29   52    0  0.00   2  14    14:25 ESE1014.73   75
4    13.7  18.1    12:40   9.9    22:57   51    0  6.40   2  21    16:26 SSE1010.97   79
5     6.3  10.1     1:29   2.5    21:48   59    0 10.40   1  23     5:00  NW1015.42   94
6     2.8   3.9    15:04   1.7    22:00   62    0  0.80   1  14     1:57 NNE1022.54   98
7     2.4   3.7    16:27   1.1     8:28   63    0  0.00   0   6     0:00 SSW1021.41   98
8     2.6   4.2    14:31   0.4     5:40   62    0  0.80   0   8    11:09 SSW1020.77   93
9     2.8   4.2    11:21   1.1     5:23   62    0  2.60   0   6    12:35  NW1026.27   98
10    5.1   7.5    23:55   2.6     6:16   60    0  2.80   1  13    15:03 SSW1027.49   97
11    8.2  10.3    23:54   6.4     5:55   57    0 13.00   2  21    22:24 SSW1021.85   98
12    7.9  11.1    13:42   1.7    20:42   57    0  6.00   3  29    13:44   W1013.56   96
13    2.7   3.7    14:23   2.0     1:13   62    0  6.00   2  21     8:54   N1020.05   99
14    2.7   5.8    14:23   0.3    23:57   62    0  0.20   0  13     4:21 NNE1026.32   99
15    0.9   6.6    14:31  -1.8     8:18   64    0  0.20   0   6    13:55   N1025.46   96
16    0.5   6.0    15:28  -3.1     7:46   63    0  0.00   0   6     0:38   N1024.92   95
17    3.6  10.1    13:43  -0.2     2:09   59    0  0.20   0  14     1:20 SSE1026.04   93
18    3.9   5.7    14:31   2.4    19:07   61    0  0.20   0   5     5:13 NNW1025.77   95
19    3.9   5.4    15:32   1.0     4:27   61    0  1.20   0   8     5:05 SSE1025.04   95
20    5.0   8.6    13:42   2.7     7:14   60    0  0.00   0  10    10:32 SSW1025.09   95
21   10.3  17.4    14:42   5.1     1:14   55    0  0.00   1  11    12:53   S1020.55   71
22   13.2  19.1    13:56   9.8     3:02   52    0  0.00   3  34    23:09 SSE1012.58   51
23   13.2  16.8    14:22  11.6    23:18   51    0  0.00   6  39     0:50   S1011.98   68
24   12.7  14.4    11:57  11.4    14:58   33    0  0.80   4  23     4:28 SSW1014.46   70
---------------------------------------------------------------------------------------
TOT   6.5  19.2  3/11/17  -3.1 16/11/17 1377    0 51.60   1  34 23/11/17 SSW1020.74   88

HEAT BASE: 65.0
COOL BASE: 65.0

 


 

 

 

Retour accueil