Météo Cheval Rigon

 

Bulletin mensuel



 

                  MONTHLY CLIMATOLOGICAL SUMMARY FOR 10/2019
                                        HEAT  COOL        
     MEAN                               DEG   DEG       WIND SPEED       DOM MEAN  MEAN
DAY  TEMP  HIGH   TIME     LOW   TIME   DAYS  DAYS RAIN AVG  HI  TIME    DIR BAROM HUM
---------------------------------------------------------------------------------------
1    15.2  22.7    12:27  11.7     3:36   50    0  5.00   1  23    21:59  SW1010.12   86
2    12.0  14.1    15:57   8.8    23:37   53    0  5.60   2  19    17:09   N1013.15   94
3     9.5  14.8    16:11   5.6     8:47   56    0  0.00   1  11     5:06 NNW1019.31   82
4    12.6  16.8    15:47   7.9     0:00   52    0  0.20   2  19    12:13 SSE1015.07   81
5    12.4  14.3    16:51  10.7     7:50   53    0  2.00   1  13     1:00   W1016.27   91
6    11.9  13.3    11:25   9.4    23:36   53    0  6.60   1  14    16:46 SSW1016.60   96
7     9.7  13.4    16:19   7.8     5:35   55    0  0.00   0   8     0:57 NNW1020.10   93
8    15.4  22.8    16:15   8.1     0:54   50    0  0.80   1  19    15:11 SSW1017.07   79
9    12.4  15.4    15:38   9.4     9:03   53    0  6.20   3  29    17:21   W1016.36   87
10   11.8  14.3    16:50   9.2     4:16   53    0  0.80   1  11     0:09 SSW1021.27   88
11   15.4  24.2    17:45   8.9     8:08   50    0  0.00   1  13    14:33 ESE1019.19   73
12   18.7  23.6    15:45  15.6    11:49   46    0  2.80   2  27    10:41 SSE1014.60   68
13   19.8  24.3    15:51  17.5     7:54   45    0  0.00   4  29     3:07  SW1012.87   65
14   19.5  25.4    14:41  16.7     7:47   46    0  0.00   5  37    17:16 SSW1009.79   65
15   10.4  18.5     0:03   8.2    22:51   55    0 36.20   1  16     0:24 SSW1010.63   94
16   13.1  18.5    15:40   8.8     0:07   52    0  0.00   2  19    13:42 SSW1015.57   73
17   13.8  14.7     9:24  12.8    12:28   51    0  6.60   1  18    10:49  SW1013.90   82
18   13.6  14.1     1:47  13.3     0:00    4    0  0.00   1  11     0:44 SSE1013.70   82
---------------------------------------------------------------------------------------
TOT  13.7  25.4 14/10/19   5.6  3/10/19  876    0 72.80   2  35 14/10/19 SSW1015.40   82

HEAT BASE: 65.0
COOL BASE: 65.0

 


 

 

 

Retour accueil