Météo Cheval Rigon

 

Bulletin mensuel



 

                  MONTHLY CLIMATOLOGICAL SUMMARY FOR 4/2021
                                        HEAT  COOL        
     MEAN                               DEG   DEG       WIND SPEED       DOM MEAN  MEAN
DAY  TEMP  HIGH   TIME     LOW   TIME   DAYS  DAYS RAIN AVG  HI  TIME    DIR BAROM HUM
---------------------------------------------------------------------------------------
1    17.3  24.4    16:40  10.8     8:02   48    0  0.00   2  16     0:02   E1017.03   41
2    14.4  20.9    16:15   6.8    22:51   51    0  0.00   4  26    17:43   N1015.95   61
3     6.0  12.2    17:12   0.1     7:51   59    0  0.00   5  34    15:14   N1019.19   75
4     6.7  15.2    17:26  -0.6     7:04   58    0  0.00   3  26    16:40   N1020.85   67
5     8.5  16.8    16:09   2.8     6:23   57    0  0.00   3  34    19:22   N1016.47   67
6     1.4   7.3    15:47  -3.3     8:03   64    0  0.00   4  31    15:01   N1017.44   73
7     1.8   8.3    17:42  -3.7     5:18   63    0  0.40   2  23     0:34   N1024.49   70
8     6.9  16.1    17:14  -1.2     7:29   58    0  0.00   2  13    21:24 ESE1024.22   47
9    11.4  17.9    15:25   7.8     4:52   54    0  0.00   5  29     9:57 SSW1017.25   53
10   10.5  16.1    14:57   6.2     3:40   54    0  4.00   6  26     2:55 SSW1012.87   73
11    8.1  11.2     8:19   2.4    23:56   57    0 22.80   4  23     1:19   N1012.29   87
12    3.9   9.3    17:08   0.7    23:36   61    0  0.00   7  31    17:13   N1027.06   85
13    3.7  10.2    15:36  -0.2     6:57   61    0  0.00   3  24    13:58   N1028.90   75
14    4.3  11.2    16:24  -1.8     7:12   61    0  0.00   3  26    13:59   N1025.95   67
15    3.4  11.0    15:18  -2.1     7:08   62    0  0.00   3  31    15:43   N1024.21   68
16    3.1   9.9    14:19  -2.7     7:34   62    0  0.00   4  35    18:31   N1022.03   70
17    4.3  12.3    16:45  -2.7     6:56   61    0  0.00   5  32    15:14   N1021.30   75
18    6.2  10.3    12:29   2.1     6:00   59    0  0.00   2  23    12:54   N1020.85   77
19    8.9  16.2    16:01   3.6     3:33   56    0  0.00   2  26    14:03   N1019.37   73
20   10.1  17.2    16:23   4.6     6:51   46    0  0.20   2  24    18:02 ESE1015.43   69
---------------------------------------------------------------------------------------
TOT   7.0  24.4   1/4/21  -3.7   7/4/21 1150    0 27.40   4  34   5/4/21   N1020.20   69

HEAT BASE: 65.0
COOL BASE: 65.0

 


 

 

 

Retour accueil