Météo Cheval Rigon

 

Bulletin mensuel



 

                  MONTHLY CLIMATOLOGICAL SUMMARY FOR 9/2017
                                        HEAT  COOL        
     MEAN                               DEG   DEG       WIND SPEED       DOM MEAN  MEAN
DAY  TEMP  HIGH   TIME     LOW   TIME   DAYS  DAYS RAIN AVG  HI  TIME    DIR BAROM HUM
---------------------------------------------------------------------------------------
1    12.6  20.4    16:06   8.1     7:21   52    0  0.20   0  14    16:27 ESE1020.45   83
2    12.1  19.0    16:14   9.1     6:27   53    0  0.00   0  13    15:55   N1020.83   88
3    14.0  22.2    16:26   8.1     4:21   51    0  0.20   1  10     3:54 ESE1016.93   76
4    17.9  24.5    15:58  12.7     6:29   47    0  0.00   1  11     4:44 ESE1015.80   70
5    18.8  24.2    15:30  14.4     3:19   46    0  0.00   1  14    17:59 ESE1019.90   80
6    15.5  19.4    16:52  12.8    10:31   49    0  1.60   0  14     5:54   N1022.08   83
7    14.3  18.4    17:00  11.4    23:26   51    0  0.00   0   6    12:09 NNW1019.71   77
8    14.0  17.6    15:49  10.9     1:10   51    0  0.00   1  14    11:34 SSW1013.51   78
9    12.7  17.8    16:45  10.3    22:12   52    0 17.00   1  16     2:42 SSW1003.98   89
10   12.0  17.8    16:44   9.0     7:26   53    0  0.80   1  11    12:49  NW1008.54   88
11   13.1  17.1    15:02  11.2    23:52   52    0  2.00   3  24    16:35 SSW1007.84   82
12   12.7  17.9    16:42   9.9     7:16   52    0  0.40   1  16     1:06   W1014.61   78
13   16.5  21.8    17:13  10.7     2:17   48    0  0.00   4  23    20:14 SSW1016.42   77
14   13.8  18.2     0:42   8.8    23:59   51    0  9.00   4  31     2:48 SSW1015.22   77
15   11.1  16.6    17:13   8.1     7:13   54    0  1.60   1  10    10:10  SE1015.21   81
16   10.6  15.3    17:44   7.6     7:23   54    0  1.40   1  14    13:13   W1013.04   85
17    9.3  11.6    14:42   8.1    23:59   56    0  7.40   1  19    15:43   S1014.64   91
18   10.3  17.0    16:04   6.8     7:46   55    0  0.00   0   6    11:38   S1018.35   88
19    9.2  13.2    15:06   7.3     0:00   56    0  6.60   0  19    12:08   N1021.59   94
20   10.6  17.3    16:46   6.8     6:14   54    0  0.20   1  11    22:23 ESE1023.18   88
21    8.5   9.1     3:41   7.8     0:36   12    0  0.00   2  11     3:22 ESE1020.31   91
---------------------------------------------------------------------------------------
TOT  13.0  24.5   4/9/17   6.8  20/9/17 1050    0 48.40   1  29  14/9/17 SSW1016.13   83

HEAT BASE: 65.0
COOL BASE: 65.0

 


 

 

 

Retour accueil