Météo Cheval Rigon

 

Bulletin mensuel



 

                  MONTHLY CLIMATOLOGICAL SUMMARY FOR 2/2020
                                        HEAT  COOL        
     MEAN                               DEG   DEG       WIND SPEED       DOM MEAN  MEAN
DAY  TEMP  HIGH   TIME     LOW   TIME   DAYS  DAYS RAIN AVG  HI  TIME    DIR BAROM HUM
---------------------------------------------------------------------------------------
1    10.7  13.7    14:53   9.1     6:14   54    0  0.80   4  31    14:26 SSW1016.97   84
2    12.5  14.6    15:51   9.6     0:28   52    0  5.20   5  29    11:04  SW1021.19   88
3    14.2  17.0    16:05  12.8     7:38   46    0  0.00   5  31     3:22 WSW1022.83   71
4     5.2  15.0     0:49   2.0    18:03   57    0  6.00   5  48     2:48   N1024.11   90
5     3.7   8.0    14:45   0.1    22:46   61    0  0.00   3  21     0:25   N1034.28   90
6     3.1   9.8    16:28  -1.7     7:53   62    0  0.00   1  14    22:29   E1028.60   72
7     7.7  13.9    15:20   3.1     3:05   57    0  0.00   1  13     5:52  SE1023.97   69
8     8.3  13.3    15:44   3.6     7:05   57    0  0.00   2  18    11:54 SSW1023.43   72
9    10.0  13.6    14:01   7.1     6:51   55    0  0.00   7  45    22:30   S1021.52   72
10   10.9  13.0     4:40   8.4    11:09   54    0  0.40  10  45     2:08 WSW1017.77   75
11    6.3   9.6     0:10   4.4    23:37   59    0  2.00   4  34     3:23   W1020.92   84
12    4.5   8.6    13:47   1.7     8:20   60    0  0.00   2  16    10:56  SW1024.71   79
13    7.7  11.9    14:35   2.6     0:11   57    0  0.80   7  42    20:29  SW1015.73   73
14    5.9   8.2    16:18   3.3    23:48   59    0  2.20   2  26     3:57   W1024.84   92
15    9.3  17.8    15:46   1.7     7:23   56    0  0.20   2  18    14:56  SE1023.77   68
16   14.6  17.4    11:45  12.6     0:00   50    0  0.00   6  32    21:32   S1018.23   48
17    9.3  13.6     0:38   5.4    23:54   56    0  7.60   4  31     0:32  SW1022.13   80
18    5.2   8.1    14:55   3.4     6:36   60    0  0.20   2  19    15:15  SW1031.33   84
19    6.0   9.4    15:38   4.6     3:16   59    0  0.60   3  21     5:39   W1028.80   86
20    5.3   5.9     0:00   4.5     2:51   10    0  0.00   1   6     0:46 SSE1026.49   94
---------------------------------------------------------------------------------------
TOT   8.1  17.8  15/2/20  -1.7   6/2/20 1081    0 26.00   4  43   9/2/20  SW1023.45   78

HEAT BASE: 65.0
COOL BASE: 65.0

 


 

 

 

Retour accueil