Météo Cheval Rigon

 

Bulletin mensuel



 

                  MONTHLY CLIMATOLOGICAL SUMMARY FOR 4/2018
                                        HEAT  COOL        
     MEAN                               DEG   DEG       WIND SPEED       DOM MEAN  MEAN
DAY  TEMP  HIGH   TIME     LOW   TIME   DAYS  DAYS RAIN AVG  HI  TIME    DIR BAROM HUM
---------------------------------------------------------------------------------------
1     6.0  12.6    18:16   2.3     3:26   59    0  1.20   3  16     1:45   W1014.83   78
2    11.6  17.9    11:30   5.7     0:30   53    0  0.00   4  31    21:22 SSW1007.32   54
3    12.4  17.3    14:56   9.7     6:27   53    0  0.00   8  37     2:55 SSW1003.97   60
4    11.1  15.7    14:50   7.4     9:50   54    0 15.40   6  32     3:50  SW1004.70   77
5     8.9  13.9    17:05   6.3    21:50   56    0  1.40   3  34     6:23   N1016.69   80
6    13.8  22.8    15:59   6.3     4:03   51    0  0.00   4  24     0:29 ESE1012.81   58
7    15.4  18.7    15:47  13.4     7:40   50    0  0.00   3  29     4:56 ESE1008.27   42
8    13.2  17.6    11:17  10.1    23:39   52    0  0.20   2  13     9:48 ESE1005.89   62
9    11.1  13.7    17:09   9.1     7:34   54    0  3.00   1  16    23:26  SE1005.35   88
10   10.2  13.9    17:34   7.4     7:44   55    0  0.20   5  34     3:44   S1000.47   68
11    9.9  13.7    13:31   6.7     3:09   55    0  0.00   2  23     4:42   N1001.08   74
12    9.5  14.1    13:49   5.7     9:08   56    0  3.60   2  24    18:55 SSW999.95   79
13   10.4  15.4    12:35   6.1     6:17   55    0  0.00   2  21    12:01 SSE1008.36   71
14   11.3  15.2    16:25   8.8     2:58   54    0  0.20   2  16     5:15 ESE1016.92   78
15   12.3  19.4    17:08   6.4     7:02   53    0  0.00   1  16    17:13   N1013.86   77
16   11.6  17.3    16:57   7.0     5:33   53    0  0.00   1  13    15:39   N1016.55   80
17   13.4  21.9    16:52   5.6     7:20   52    0  0.00   2  14    17:39   N1024.09   73
18   17.1  24.9    17:53  10.3     6:21   48    0  0.00   2  18    21:08   N1025.51   68
19   19.6  26.7    16:34  13.3     6:48   45    0  0.00   2  13    23:35   E1024.13   58
20   19.2  26.6    17:03  12.3     7:36   46    0  0.00   2  16    15:35 ESE1021.85   59
21   19.7  26.2    16:15  13.1     6:45   45    0  0.00   2  16    15:57 ESE1017.93   61
22   18.9  23.3    15:25  14.4     7:17   46    0  0.00   1  13     1:06 ESE1014.95   48
23   16.1  21.9    17:33  11.9    10:00   49    0  8.40   1  10     8:00 SSE1017.89   76
24   12.2  13.1     1:05  10.8     5:46   13    0  0.00   0   5     2:04   N1019.61   96
---------------------------------------------------------------------------------------
TOT  13.1  26.7  19/4/18   2.3   1/4/18 1206    0 33.60   3  37   3/4/18 ESE1012.40   69

HEAT BASE: 65.0
COOL BASE: 65.0

 


 

 

 

Retour accueil