Météo Cheval Rigon

 

Bulletin mensuel



 

                  MONTHLY CLIMATOLOGICAL SUMMARY FOR 1/2021
                                        HEAT  COOL        
     MEAN                               DEG   DEG       WIND SPEED       DOM MEAN  MEAN
DAY  TEMP  HIGH   TIME     LOW   TIME   DAYS  DAYS RAIN AVG  HI  TIME    DIR BAROM HUM
---------------------------------------------------------------------------------------
1     0.0   1.6    13:45  -1.1    22:41   65    0  4.80   0   8    13:59 NNE1008.92   96
2    -1.9  -1.1     0:00  -2.6     9:29   67    0  0.00   6  23    16:42   N1012.31   97
3    -1.9  -0.9    15:17  -3.9    23:32   66    0  0.00   3  21     4:56   N1012.89   98
4    -2.5  -0.4    12:58  -4.7     4:58   68    0  0.40   0  14    18:31   N1011.32   96
5    -1.4  -0.7    12:10  -1.8     5:04   66    0  0.00   1  11    15:39   N1012.35   98
6    -1.7  -1.3    15:56  -2.4     6:33   67    0  0.00   0  10     4:08   N1015.75   97
7    -1.0   0.3    13:39  -2.9     5:12   66    0  0.40   0   5     6:22 SSE1017.34   97
8    -1.1   1.9    12:27  -4.1    21:34   66    0  1.60   1  14    14:37   N1017.80   95
9    -2.3   0.4    14:21  -5.0     8:43   67    0  0.60   1  18    23:57   N1018.20   92
10   -2.7  -0.1    12:07  -4.6    23:51   68    0  0.20   3  26     8:53   N1020.16   90
11   -5.0  -1.9    23:58  -7.7     8:17   70    0  0.00   0   6     1:11   N1025.56   95
12    1.4   4.5    23:58  -2.1     0:29   64    0  6.20   4  23    15:18 SSW1024.98   95
13    6.0   6.9    13:15   4.5     0:00   59    0 15.40   3  23    19:33   W1024.12   99
14    5.0   6.1    14:38   4.1     5:11   60    0 10.40   4  26    22:30  SW1022.09   98
15    1.2   5.4     0:00  -2.2    23:58   64    0  7.20   5  29     6:43   N1023.02   99
16   -1.2   3.0    23:57  -3.6     8:55   66    0  5.40   1  23    22:26 SSW1027.98   95
17    2.9   3.8    15:34   1.4    20:56   62    0 11.00   3  26    14:44   N1025.17   98
18    2.1   4.4    15:12  -0.1    23:48   63    0  0.80   0   8    22:17 ESE1029.01   94
19    5.4  12.2    16:06  -0.7     2:37   60    0  0.00   1  19    18:20   S1020.84   61
20    9.6  12.6    14:01   7.8     0:00   55    0  0.00  10  48    16:55   S1005.69   61
21    9.4  10.7    17:17   7.2    22:11   56    0  2.20   9  37    16:14 SSW1001.92   78
22    6.0   9.7     7:55   1.1    17:18   59    0 11.60   5  29     7:48 SSW997.01   89
23    1.8   2.0     0:56   1.7     0:11    3    0  0.00   2   8     0:27   S1003.74   96
---------------------------------------------------------------------------------------
TOT   1.2  12.6  20/1/21  -7.7  11/1/21 1405    0 78.20   3  40  20/1/21   N1017.00   92

HEAT BASE: 65.0
COOL BASE: 65.0

 


 

 

 

Retour accueil