Météo Cheval Rigon

 

Bulletin mensuel



 

                  MONTHLY CLIMATOLOGICAL SUMMARY FOR 8/2018
                                        HEAT  COOL        
     MEAN                               DEG   DEG       WIND SPEED       DOM MEAN  MEAN
DAY  TEMP  HIGH   TIME     LOW   TIME   DAYS  DAYS RAIN AVG  HI  TIME    DIR BAROM HUM
---------------------------------------------------------------------------------------
1    22.8  30.1    17:04  16.9     6:07   42    0  0.00   0   5    17:30 NNW1017.65   77
2    24.2  31.5    17:01  18.2     6:59   41    0  0.00   0   2     2:56 ESE1018.24   68
3    25.2  33.0    18:02  18.3     6:27   40    0  0.00   0   6    13:31 NNW1016.88   66
4    25.7  33.1    17:34  19.6     5:28   39    0  0.00   0  14    16:24   N1016.47   63
5    24.8  32.8    18:29  18.3     7:29   40    0  0.00   0   8    15:17  NW1016.11   61
6    25.7  32.4    15:29  19.3     6:17   39    0  0.00   0  11    15:30 ESE1012.75   63
7    28.1  35.1    16:24  17.2    21:39   35    0 31.60   2  34    21:09  SW1008.94   53
8    21.3  27.4    15:49  16.9     6:54   43    0  0.00   0   8    14:43 NNW1011.92   88
9    19.4  22.6     8:35  14.3    23:57   45    0 14.80   1  27     9:00   W1013.55   81
10   17.1  23.3    16:09  13.2    23:19   48    0  0.00   0  10    11:54 WNW1023.44   74
11   17.6  25.2    17:18  10.6     6:58   47    0  0.00   1  10    14:32 ESE1023.11   69
12   22.2  31.3    17:48  13.3     6:42   43    0  0.00   1  18    15:44 ESE1014.47   60
13   19.7  23.9    17:16  16.1     6:08   45    0  3.20   2  26     2:51 SSW1011.02   80
14   17.4  22.2    16:03  15.2     8:40   48    0  2.80   0  11    16:34   N1017.09   89
15   18.2  25.7    17:47  12.8     6:44   46    0  0.00   1  10    16:00   N1019.87   81
16   21.8  29.4    17:32  14.8     6:31   43    0  0.00   1  10     4:48 ESE1014.82   73
17   18.5  21.2     0:00  16.6     9:04   47    0  0.00   0  10     7:23   N1016.63   84
18   18.8  25.1    17:30  13.3     7:26   46    0  0.00   0  10    15:38   N1021.49   75
19   19.4  26.8    18:08  13.4     5:35   46    0  0.00   0  10     7:44 NNE1021.70   65
20   20.5  28.0    16:24  14.4     7:04   45    0  0.00   0  10    12:36  NW1019.87   72
21   16.5  17.8     0:00  15.3     5:56   12    0  0.00   0   0     0:00   N1018.94   92
---------------------------------------------------------------------------------------
TOT  21.4  35.1   7/8/18  10.6  11/8/18  879    0 52.40   1  34   7/8/18 ESE1016.85   72

HEAT BASE: 65.0
COOL BASE: 65.0

 


 

 

 

Retour accueil