Météo Cheval Rigon

 

Bulletin mensuel



 

                  MONTHLY CLIMATOLOGICAL SUMMARY FOR 6/2018
                                        HEAT  COOL        
     MEAN                               DEG   DEG       WIND SPEED       DOM MEAN  MEAN
DAY  TEMP  HIGH   TIME     LOW   TIME   DAYS  DAYS RAIN AVG  HI  TIME    DIR BAROM HUM
---------------------------------------------------------------------------------------
1    16.5  22.8    17:55  13.2     2:22   49    0  0.80   0   6     0:00   N1019.77   90
2    17.8  25.3    16:04  11.0     6:20   47    0  0.00   0   8    17:26 ENE1018.11   84
3    18.0  24.0    13:00  15.1     6:35   47    0  5.00   1  11     2:30 ESE1014.30   87
4    17.4  23.2    19:54  13.8     7:00   48    0 18.00   0  13    15:01 ESE1010.49   86
5    16.9  23.9    17:41  14.4     2:38   48    0  5.00   0  13     0:11 ESE1009.78   94
6    16.5  22.6    15:32  12.9     2:29   47    0 36.00   1  14     9:25 ESE1010.83   90
7    16.4  22.3    17:36  12.4     4:40   49    0  3.60   0   6    11:36 ESE1014.91   94
8    17.3  22.3    14:27  14.3     1:17   48    0 11.60   1  11    18:47 ESE1013.09   94
9    19.9  27.1    17:30  14.6     3:58   45    0  2.20   1  14    13:44 ESE1011.50   84
10   18.9  25.2    15:14  15.8     3:48   46    0 23.00   1  18     3:01 ESE1010.27   90
11   16.7  20.4    16:35  15.1    23:03   48    0  5.60   1  13     9:15 SSE1009.03   93
12   17.2  23.2    15:42  13.6     6:31   48    0  0.40   0  11    17:30   N1009.70   89
13   13.6  16.9    16:22  11.4    10:01   50    0  2.40   1  14    14:23   N1014.25   92
14   14.4  21.3    17:06  10.4     6:14   51    0  0.20   0  11    18:10   N1017.24   86
15   15.2  19.9    18:02  13.0     8:02   50    0  2.20   0   5    14:20  NW1016.97   93
16   17.9  24.8    17:03  13.3     2:15   47    0  0.00   0  11    22:30 NNW1016.75   86
17   15.7  20.4    19:11  12.7    23:30   49    0  0.00   0  11    16:06  NW1020.55   84
18   15.5  19.0    15:13  11.8     0:58   50    0  0.00   0   6    15:49  NW1023.95   88
19   19.9  27.1    17:14  13.2     1:01   45    0  0.00   0   8     9:14 NNE1023.57   82
20   21.7  29.3    16:24  14.7     5:21   43    0  0.00   0  11    23:46  NE1019.01   77
21   21.7  28.2    17:36  16.1    23:58   43    0  0.00   1  13    17:51 ESE1017.50   75
22   14.8  21.4    17:02   7.6     6:39   50    0  0.00   0  10    15:31 NNE1022.59   73
23   15.2  23.3    18:12   8.1     5:50   50    0  0.00   0   8    16:05 NNW1023.31   73
24   11.7  13.7     0:00  10.2     5:45   18    0  0.00   0   3     2:55   N1020.71   83
---------------------------------------------------------------------------------------
TOT  17.1  29.3  20/6/18   7.6  22/6/18 1115    0116.00   0  16  10/6/18 ESE1016.06   86

HEAT BASE: 65.0
COOL BASE: 65.0

 


 

 

 

Retour accueil