Météo Cheval Rigon

 

Bulletin mensuel



 

                  MONTHLY CLIMATOLOGICAL SUMMARY FOR 10/2018
                                        HEAT  COOL        
     MEAN                               DEG   DEG       WIND SPEED       DOM MEAN  MEAN
DAY  TEMP  HIGH   TIME     LOW   TIME   DAYS  DAYS RAIN AVG  HI  TIME    DIR BAROM HUM
---------------------------------------------------------------------------------------
1     9.2  12.8     0:00   7.2    12:15   56    0  0.80   2  19    14:33   N1020.95   78
2     8.6  13.7    13:53   2.9     6:55   56    0  0.00   0  10    12:21   N1027.06   75
3    11.7  14.2    15:27   9.7     6:47   53    0  1.60   0   6     5:56 NNE1027.63   92
4    14.3  21.9    16:10   8.7     8:24   51    0  0.00   0  11    20:41   N1023.66   82
5    19.5  27.1    15:42  12.9     0:00   46    0  0.00   1  16    15:52 SSE1017.29   59
6    19.4  25.8    17:30  13.3    23:57   46    0  3.20   2  16    11:15  SW1011.02   58
7    12.6  17.5    15:40  10.1     4:00   52    0  6.20   1  16     1:02 ESE1013.36   83
8    12.0  13.4    18:03  10.5    22:25   53    0  0.20   0   6    23:24 ESE1019.62   97
9    15.3  25.2    17:02   9.1     5:07   50    0  0.20   1  11     3:22 ESE1019.21   85
10   16.9  23.4    12:29  12.3     7:41   48    0  0.80   3  35    15:59 ESE1012.65   71
11   18.2  23.8    16:25  13.3     5:41   47    0  0.60   2  24    14:42 ESE1011.18   71
12   20.4  26.4    14:53  17.3     4:11   45    0  0.00   2  16     0:36 SSW1018.43   66
13   19.3  25.4    16:26  14.3     6:49   46    0  0.00   2  26    20:42  SE1017.08   64
14   18.0  21.7    14:49  15.3     2:48   47    0  0.00   5  35     9:28   S1008.90   61
15   15.9  21.2    11:54  12.2    20:32   49    0  1.40   2  27     0:00 ESE1010.18   67
16   16.1  23.4    14:50  10.7     8:00   49    0  0.00   1  11    22:19 ESE1017.09   68
17   15.5  23.2    15:44  10.6     7:33   49    0  0.00   0   8    21:24 ENE1017.03   71
18   14.5  22.3    17:04   9.3     7:24   50    0  0.00   0   6    13:19   N1016.35   71
19   10.1  12.4     0:00   8.1     8:17   23    0  0.00   0   3     3:51 NNE1017.94   85
---------------------------------------------------------------------------------------
TOT  15.3  27.1  5/10/18   3.0  2/10/18  915    0 15.00   1  34 14/10/18 ESE1017.17   74

HEAT BASE: 65.0
COOL BASE: 65.0

 


 

 

 

Retour accueil