Météo Cheval Rigon

 

Bulletin mensuel



 

                  MONTHLY CLIMATOLOGICAL SUMMARY FOR 10/2020
                                        HEAT  COOL        
     MEAN                               DEG   DEG       WIND SPEED       DOM MEAN  MEAN
DAY  TEMP  HIGH   TIME     LOW   TIME   DAYS  DAYS RAIN AVG  HI  TIME    DIR BAROM HUM
---------------------------------------------------------------------------------------
1    13.1  16.5    16:30  10.6     1:04   52    0  4.60   2  19     8:02 SSW1006.01   81
2    11.1  14.8     5:35   7.2    23:48   53    0 17.80   2  26     4:53   S989.53   88
3     9.0  13.0    12:36   6.8     5:20   56    0 11.60   6  37    18:11   S990.84   86
4     9.7  12.9    16:22   8.0     6:30   55    0  3.20   4  27     1:25 SSW999.97   81
5    10.1  11.5    16:19   8.1     0:08   55    0  3.20   3  23    23:12 SSW1008.86   84
6    12.0  15.4    12:38   9.4     0:14   53    0  6.40   3  35     9:36 SSW1012.48   87
7    11.2  15.3    16:41   9.1    23:48   54    0  0.00   1  19     1:23   W1019.97   83
8    13.6  19.8    16:25   9.2     0:00   51    0  0.00   0  11    12:28   N1023.60   83
9    12.9  17.3    16:25   9.7     2:16   52    0  0.00   0   8    11:22 SSE1022.53   87
10    9.8  13.6     0:33   7.3    23:52   55    0  4.80   1  21     4:20   N1024.13   93
11    6.5   8.9    16:34   5.0     5:01   57    0  5.60   1  29    13:16   N1023.30   97
12    6.3   7.8    14:04   5.2    21:57   59    0  0.20   1  14     5:39   N1022.82   98
13    6.6   9.1    14:32   3.6     5:20   58    0  1.80   0  11    19:11   E1013.14   94
14    7.2   9.8    15:35   5.4     7:03   58    0  0.20   1  14    14:43 NNE1010.79   95
15    5.2   6.4     0:00   3.8     8:36   60    0  1.60   4  19    20:41   N1015.23   98
16    6.8   7.4    15:53   6.2     6:33   58    0  1.00   4  19     1:32   N1019.00  100
17    7.6   8.4    18:19   7.0    22:42   57    0  0.20   1  11     0:16   N1019.33  100
18    8.0  13.2    16:15   5.1     9:04   57    0  0.00   2  14    15:11   N1022.77   89
19    9.9  17.1    16:03   3.8     4:08   55    0  0.00   2  24    21:33   E1019.53   79
20   14.8  16.0    12:19  13.2     0:00   50    0  0.00   7  40    21:24 SSW1011.48   70
21   16.8  21.1    14:35  14.6     0:58   48    0  0.20  10  45     6:04   S1007.70   67
22   15.5  15.7     0:03  15.3     3:42    8    0  0.00   8  35     0:02 SSW1012.18   74
---------------------------------------------------------------------------------------
TOT  10.0  21.1 21/10/20   3.6 13/10/20 1162    0 62.40   3  45 21/10/20   N1013.47   88

HEAT BASE: 65.0
COOL BASE: 65.0

 


 

 

 

Retour accueil