Météo Cheval Rigon

 

Bulletin mensuel



 

                  MONTHLY CLIMATOLOGICAL SUMMARY FOR 4/2019
                                        HEAT  COOL        
     MEAN                               DEG   DEG       WIND SPEED       DOM MEAN  MEAN
DAY  TEMP  HIGH   TIME     LOW   TIME   DAYS  DAYS RAIN AVG  HI  TIME    DIR BAROM HUM
---------------------------------------------------------------------------------------
1    13.7  20.7    15:47   7.5     7:01   51    0  0.00   2  16     0:12   N1013.62   56
2    11.2  14.5    11:01   7.6    21:58   54    0  3.20   2  19     0:17 SSW1010.69   62
3     5.6   8.9    15:20   2.9    22:39   59    0  9.60   3  24    15:32  SW1003.22   87
4     3.8   8.3    18:53   0.9     8:01   61    0  0.40   1  18    12:44   W1001.45   79
5     7.0  13.7    17:06   0.7     7:41   58    0  0.00   6  23    10:29   E1001.70   62
6     8.8  12.2    14:37   6.9     7:21   56    0  0.00   5  24    12:29 ESE999.91   69
7     7.1  11.9    17:47   3.6     7:31   58    0  0.00   1  18    17:26   N1006.84   79
8     9.3  15.9    17:05   4.5     6:39   56    0  0.00   2  16    17:49   N1011.12   78
9     9.1  15.2    17:15   4.6     8:07   56    0  0.00   2  18    17:23   N1009.57   79
10    8.4  14.6    16:09   4.2     4:06   57    0  0.00   2  26    18:00   N1010.83   84
11    8.6  13.0    17:51   3.9    23:57   56    0  1.40   6  29    18:43   N1014.69   86
12    5.9  12.9    17:43   0.2     7:44   59    0  0.00   3  27    14:44   N1018.81   74
13    4.7  10.8    16:27  -0.7     7:50   60    0  0.00   2  21    13:25   N1019.98   73
14    3.7  10.2    16:20  -2.1     6:42   61    0  0.00   3  24    12:57   N1019.81   65
15    8.0  15.8    16:02  -0.7     7:07   57    0  0.00   3  23    19:00   E1017.27   62
16   10.3  13.6    16:37   7.5     7:21   55    0  6.60   2  27     0:42 SSW1016.86   79
17   12.8  20.1    17:23   6.5     7:05   52    0  0.00   4  21    15:32 ESE1017.88   73
18   15.9  23.1    15:10   8.7     5:45   49    0  0.00   2  21    11:47 SSE1016.80   49
19   17.3  23.8    15:26  11.2     5:46   48    0  0.00   2  19    10:27   N1022.28   47
20   14.3  21.8    17:02  10.2    22:17   51    0  0.40   1  23    17:26 SSE1022.74   67
21   13.2  19.0    17:05   9.8     6:34   52    0  0.00   1  21     9:04 SSE1017.06   71
22   10.3  11.2     4:08   9.6     6:56   16    0  0.00   0   6     1:09  SE1010.42   82
---------------------------------------------------------------------------------------
TOT   9.5  23.8  19/4/19  -2.1  14/4/19 1182    0 21.60   3  26  11/4/19   N1012.97   71

HEAT BASE: 65.0
COOL BASE: 65.0

 


 

 

 

Retour accueil