Météo Cheval Rigon

 

Bulletin mensuel



 

                  MONTHLY CLIMATOLOGICAL SUMMARY FOR 9/2021
                                        HEAT  COOL        
     MEAN                               DEG   DEG       WIND SPEED       DOM MEAN  MEAN
DAY  TEMP  HIGH   TIME     LOW   TIME   DAYS  DAYS RAIN AVG  HI  TIME    DIR BAROM HUM
---------------------------------------------------------------------------------------
1    15.9  24.7    17:45   9.8     7:37   49    0  0.00   0  10    23:07   N1021.09   84
2    19.7  26.7    13:59  13.9     7:58   45    0  0.00   0  13    11:28   E1019.06   71
3    18.2  22.9    14:12  15.2     7:37   47    0  0.80   0   8    15:41   E1017.23   84
4    18.4  26.6    17:10  14.5     5:25   47    0  9.60   0  11    19:21   E1015.42   85
5    19.6  27.3    16:27  14.1     5:57   45    0  0.00   0   8    23:49   E1017.32   84
6    21.6  28.6    17:52  16.0     5:21   43    0  0.00   1  10     1:11   E1019.52   72
7    22.8  29.3    13:56  17.5     6:44   42    0  0.00   1  14    15:02   E1017.11   67
8    22.4  29.7    17:04  16.5     5:53   43    0  0.00   1  14    10:21   S1011.76   66
9    19.4  22.9    18:14  17.1    14:19   46    0  0.00   1  19     2:10   S1012.31   70
10   18.3  24.4    17:47  14.4     8:15   47    0  0.80   1  13     2:44 SSW1015.40   80
11   17.9  24.8    16:26  13.9    23:58   47    0  0.00   0  10    17:56   N1018.52   84
12   18.0  25.2    17:53  12.5     8:00   47    0  0.00   0  13    23:53   E1016.44   83
13   21.3  29.1    17:17  14.7     4:31   44    0  0.00   0  13     1:25   E1013.75   67
14   21.1  28.0    16:16  17.4    23:44   44    0 14.80   1  16    13:31   S1011.94   78
15   18.3  24.3    16:37  15.7     8:06   47    0 29.40   0  11     9:41   S1012.93   92
16   17.2  21.3    17:26  14.4     6:43   48    0  1.40   0   5    17:44 NNE1015.73   95
17   16.8  21.6    15:09  14.0     4:13   48    0  0.20   0   2     2:57   E1014.38   93
18   16.5  22.2    15:57  11.8    23:39   48    0 31.60   0  16    21:53   W1013.28   92
19   11.9  13.6    21:15  10.6    13:12   53    0 13.20   0  14     5:35 SSW1015.33   98
20   12.5  13.3    13:43  11.7     4:28   50    0 24.00   1  18    22:09 NNE1019.23   99
21   13.6  17.9    17:26  11.0    23:50   51    0  0.00   0   8     0:00   N1025.11   98
22   12.8  19.8    16:11   7.6     8:05   52    0  0.20   0   5    16:28   E1025.07   91
23   15.1  23.3    16:51   9.2     6:09   50    0  0.00   0   3    21:56   E1021.51   85
24   17.1  24.2    16:03  11.3     6:52   48    0  0.00   0  13    22:26   E1018.32   85
25   18.6  24.8    15:28  14.9     7:55   46    0  0.20   1  14    12:22   E1014.71   82
26   16.0  19.2     0:00  13.9     1:54    4    0  9.20   1  18     0:22 SSW1016.37   88
---------------------------------------------------------------------------------------
TOT  17.8  29.7   8/9/21   7.6  22/9/21 1182    0135.40   0  19   9/9/21   E1016.89   83

HEAT BASE: 65.0
COOL BASE: 65.0

 


 

 

 

Retour accueil