Météo Cheval Rigon

 

Bulletin mensuel



 

                  MONTHLY CLIMATOLOGICAL SUMMARY FOR 5/2020
                                        HEAT  COOL        
     MEAN                               DEG   DEG       WIND SPEED       DOM MEAN  MEAN
DAY  TEMP  HIGH   TIME     LOW   TIME   DAYS  DAYS RAIN AVG  HI  TIME    DIR BAROM HUM
---------------------------------------------------------------------------------------
1     9.9  13.1    17:15   6.4     5:25   55    0 25.20   3  21    11:55 SSW1008.83   92
2    11.6  14.7    14:48   9.7     4:24   53    0 23.80   1  18     0:20 SSW1013.95   97
3    14.0  18.7    16:15  10.4     2:16   51    0  6.00   0  14    16:29   N1017.34   95
4    17.4  25.1    18:08  10.4     6:49   48    0  0.00   1  14    23:55   N1014.84   84
5    17.2  22.3    15:54  11.8    23:54   48    0  4.60   2  26    16:14   N1012.30   84
6    14.1  20.2    17:09   9.8     6:20   51    0  0.00   2  19    19:40   N1018.75   88
7    16.4  24.3    18:49   9.3     4:23   49    0  0.00   1  13    13:39   N1019.74   75
8    20.0  26.3    16:57  13.3     7:36   45    0  0.00   1  18    10:10 SSW1014.46   58
9    18.2  26.5    15:32  11.2     4:55   47    0  0.00   1  18    23:01   E1009.68   64
10   16.4  21.5    12:06  13.9    21:27   49    0  1.20   2  21     0:19   S1003.70   77
11   11.5  16.9    12:46   4.7    23:51   53    0  7.40   2  21    15:55   N1001.00   93
12    6.0   9.7    17:19   3.4     6:22   59    0  0.00   2  16    18:52   E1013.30   96
13    9.7  13.4    17:22   7.7     4:12   55    0 18.00   1  18     7:44   E1007.82   97
14   10.4  14.2    15:32   8.7     5:52   55    0  0.20   1  16    14:01   N1009.45   96
15   10.4  13.8    18:30   7.7     7:55   55    0  0.00   1  14    14:41   N1014.93   90
16   12.3  19.0    16:08   6.1     6:38   53    0  0.00   2  23    17:05   N1019.84   78
17   12.3  19.2    16:51   5.7     6:30   53    0  0.00   3  21    16:08   N1022.22   76
18   14.0  21.4    17:52   7.1     5:34   51    0  0.00   3  19    13:17   N1023.76   76
19   15.2  22.5    16:25   9.1     6:38   50    0  0.00   3  27    16:45   N1020.81   72
20   17.0  25.2    16:53  10.1     5:25   48    0  0.00   2  26    13:47   N1018.61   69
21   19.1  25.7    18:24  12.3     5:53   46    0  0.00   2  19    13:52   N1019.17   72
22   21.5  28.3    17:25  15.8     6:04   43    0  0.00   1  11     0:16   E1020.71   68
23   12.3  18.1     0:00   7.1    23:43   53    0 10.00   1  23     9:15   N1026.60   93
24   12.2  19.2    17:20   6.9     1:04   53    0  0.20   2  16    18:51   N1032.19   82
25   14.7  21.9    17:36   8.1     6:31   50    0  0.00   1  19    16:48   N1030.24   74
26   15.7  22.3    15:42   8.8     6:16   49    0  0.00   1  19    16:31   N1029.38   68
27   16.1  23.1    17:56   9.3     6:21   49    0  0.00   1  18    11:21   N1028.80   63
28   17.4  24.7    16:45  10.2     6:07   48    0  0.00   1  19    14:11   N1025.33   64
29   13.6  15.1     0:00  12.2     2:56    9    0  0.00   0  10     3:22   E1021.01   76
---------------------------------------------------------------------------------------
TOT  14.4  28.3  22/5/20   3.4  12/5/20 1426    0 96.60   2  24  19/5/20   N1017.80   80

HEAT BASE: 65.0
COOL BASE: 65.0

 


 

 

 

Retour accueil