Météo Cheval Rigon

 

Bulletin mensuel



 

                  MONTHLY CLIMATOLOGICAL SUMMARY FOR 2/2018
                                        HEAT  COOL        
     MEAN                               DEG   DEG       WIND SPEED       DOM MEAN  MEAN
DAY  TEMP  HIGH   TIME     LOW   TIME   DAYS  DAYS RAIN AVG  HI  TIME    DIR BAROM HUM
---------------------------------------------------------------------------------------
1     2.6   4.7     0:14  -0.9    23:40   62    0 10.20   2  23     0:56  SW1009.10   93
2     0.9   2.5    14:03  -0.4     0:00   64    0  0.60   0  11    17:06   N1012.22   97
3     1.2   3.3    15:18   0.4     8:11   64    0  1.80   1  14     7:23   N1010.77   94
4     1.7   3.4    15:21   0.5    23:50   63    0  1.80   0  11    18:40 ESE1013.32   96
5     0.1   1.5    13:20  -1.3     2:24   65    0  3.00   1  19    17:31 ESE1015.36   96
6     0.4   3.0     3:54  -2.6    20:39   65    0  3.40   0  13     0:17  SW1011.26   96
7    -2.6  -1.6    16:15  -3.6    19:54   68    0  0.20   0   6     5:10 WNW1015.33   94
8    -2.5  -1.8    14:40  -3.5     2:06   67    0  0.00   0   6    11:10 WNW1021.11   98
9    -1.2   2.2    13:03  -5.3     8:49   66    0  3.20   1  13    23:24 WSW1018.35   95
10   -1.0   0.7    15:38  -3.1    21:36   66    0  2.40   0  11     0:52 NNW1021.23   97
11    2.6   5.8    11:47  -1.8     1:01   62    0  2.20   3  24    11:44 SSW1014.21   94
12   -0.1   4.0    15:27  -3.2    23:21   65    0  1.00   0  13    15:16   N1019.48   93
13   -0.7   3.9    12:42  -4.2     6:49   66    0  0.00   3  24    17:08 ESE1013.78   80
14    2.3   5.3    16:11  -0.3     8:51   63    0  4.00   1  13     0:00 WSW1015.11   85
15    9.3  12.1    15:15   4.8     0:00   56    0  3.20   4  23     5:23  SW1018.34   91
16    8.2  10.3     0:00   6.7    22:59   57    0 10.80   0  13     3:27   N1022.69   98
17    6.9  11.5     5:04   3.2    22:44   58    0  6.00   3  26     8:16   N1019.26   95
---------------------------------------------------------------------------------------
TOT   1.7  12.1  15/2/18  -5.3   9/2/18 1076    0 53.80   1  26  17/2/18  SW1015.93   94

HEAT BASE: 65.0
COOL BASE: 65.0

 


 

 

 

Retour accueil