Météo Cheval Rigon

 

Bulletin mensuel



 

                  MONTHLY CLIMATOLOGICAL SUMMARY FOR 8/2019
                                        HEAT  COOL        
     MEAN                               DEG   DEG       WIND SPEED       DOM MEAN  MEAN
DAY  TEMP  HIGH   TIME     LOW   TIME   DAYS  DAYS RAIN AVG  HI  TIME    DIR BAROM HUM
---------------------------------------------------------------------------------------
1    18.6  25.3    12:52  12.8     7:40   46    0  0.00   1  11     2:41 ESE1016.20   61
2    21.1  28.8    16:30  15.5     5:40   43    0  0.00   1  11    17:36   N1015.36   56
3    21.4  29.6    17:00  14.4     5:46   44    0  0.00   1  10    17:00   N1015.00   58
4    24.3  33.5    17:09  16.8     6:29   41    0  0.20   1  13     3:33 ESE1013.03   50
5    23.6  31.1    17:53  17.2     6:54   41    0  0.00   1  11    13:39   N1012.71   63
6    21.8  29.8    15:45  17.4    23:45   43    0 13.20   1  19    20:40   E1011.12   73
7    19.3  24.6    17:22  16.6     8:42   46    0  3.40   1  16    13:50 SSE1010.18   86
8    22.4  32.2    18:16  14.8     6:45   43    0  0.20   1  14    21:39   E1011.22   71
9    27.3  33.8    16:07  20.4    23:50   38    0  0.00   2  24    12:34  SW1008.17   56
10   20.1  25.7    15:30  15.3     7:24   45    0  3.80   1  11    10:43 SSE1016.21   72
11   15.2  18.6     0:00  12.3    15:15   50    0 15.40   0  14    12:52   N1016.74   88
12   15.8  21.6    14:17  12.3     6:29   49    0  1.80   0  14    18:41 SSW1018.39   83
13   15.0  21.9    16:47  11.1     5:31   50    0  0.00   0  11    14:40   N1020.63   76
14   16.8  25.2    17:06   9.4     7:36   48    0  0.00   0  11    17:50 NNE1019.07   64
15   17.6  21.7    15:14  13.9    23:58   47    0  1.20   1  14    14:24   N1017.87   73
16   18.3  26.6    17:34  11.4     6:51   47    0  0.00   0  10    17:53 ESE1017.98   71
17   22.9  30.7    15:53  16.0     3:39   42    0  0.00   1  21    15:41  SW1012.97   53
18   23.6  30.3    16:01  18.9    23:55   41    0  0.00   1  21    10:34   N1009.49   65
19   16.1  21.4    16:00  12.5     9:12   49    0  5.00   0  10     0:35   N1017.63   85
20   15.2  20.0    18:32  12.1    23:52   50    0  0.00   0  10    23:00   E1022.63   79
21   16.4  24.4    15:51  10.2     5:37   49    0  0.00   1  10     0:29   N1024.26   68
22   18.3  27.7    17:29  10.4     6:49   41    0  0.00   1   8    12:00   N1022.65   70
---------------------------------------------------------------------------------------
TOT  19.6  33.8   9/8/19   9.4  14/8/19  992    0 44.20   1  23   9/8/19   N1015.85   69

HEAT BASE: 65.0
COOL BASE: 65.0

 


 

 

 

Retour accueil